{"id":2411,"date":"2013-06-07T11:27:38","date_gmt":"2013-06-07T11:27:38","guid":{"rendered":"http:\/\/sofame.tn\/product\/systeme-a-lamelles-en-verre-sh-3300\/"},"modified":"2019-07-29T22:40:15","modified_gmt":"2019-07-29T22:40:15","slug":"systeme-a-lamelles-en-verre-sh-3300","status":"publish","type":"product","link":"https:\/\/www.sofame.tn\/fr\/product\/systeme-a-lamelles-en-verre-sh-3300\/","title":{"rendered":"Syst\u00e8me \u00e0 lamelles en verre SH 3300"},"content":{"rendered":"<p>Syst\u00e8me de grilles en verre offrant confort, design et performances en ventilation, \u00e9clairage et protection solaire, adapt\u00e9 aux b\u00e2timents commerciaux et r\u00e9sidentiels.<\/p>\n<p>Le nouveau syst\u00e8me \u00abJalousie\u00bb est tr\u00e8s populaire sous les tropiques, o\u00f9 les stores jouent un r\u00f4le essentiel dans la r\u00e9gulation de la temp\u00e9rature int\u00e9rieure.<\/p>\n<p>Comme avec tous les syst\u00e8mes Aluminco, seuls les mat\u00e9riaux et les accessoires les plus performants sont utilis\u00e9s pour minimiser l&rsquo;entretien et assurer la performance \u00e0 long terme.<\/p>\n<p>Avantages:<\/p>\n<p>&#8211; \u00c9l\u00e9gant, simplicit\u00e9 et fonctionnel.<br \/>\n&#8211; D\u00e9bit d&rsquo;air maximal 24 heures par jour.<br \/>\n&#8211; Avec une combinaison de stores en verre et \/ ou en aluminium, une confidentialit\u00e9 absolue peut \u00eatre obtenue sans sacrifier le flux d&rsquo;air.<br \/>\n&#8211; \u00c9conomies d&rsquo;\u00e9nergie importantes (r\u00e9duction de la climatisation en \u00e9t\u00e9 et maintien de l&rsquo;air chaud en hiver).<\/p>\n<ul>\n<li>Persiennes mobiles en verre \u00e9paisseur 6mm avec centres de rotation de 120mm ou 145mm<\/li>\n<li>Possibilit\u00e9 de verre fixe sur le dessus, peut atteindre diff\u00e9rentes hauteurs<\/li>\n<li>Possibilit\u00e9 de persiennes en verre ou profil aveugle<\/li>\n<li>Etanch\u00e9it\u00e9 p\u00e9rim\u00e9trique assur\u00e9e par des joints de haute qualit\u00e9<\/li>\n<li>Manipul\u00e9 par une cr\u00e9mone sp\u00e9ciale qui effectue un mouvement de 0 \u00b0 \u00e0 90 \u00b0 \u00e0 180 \u00b0 et des ailettes respectivement de 0 \u00b0 \u00e0 45 \u00b0 \u00e0 90 \u00b0<\/li>\n<li>Capacit\u00e9 de montage des profils de cadre porteurs en haut et en bas de la structure<\/li>\n<li>Mont\u00e9 ind\u00e9pendamment ou en collaboration avec ouverture &#8211; cadres coulissants<\/li>\n<li>Le p\u00e9rim\u00e8tre accepte les couvre-joints pour une esth\u00e9tique am\u00e9lior\u00e9e<\/li>\n<\/ul>\n","protected":false},"excerpt":{"rendered":"<p>Offre confort, design et performance en ventilation, \u00e9clairage et protection solaire<\/p>\n","protected":false},"featured_media":2412,"comment_status":"closed","ping_status":"closed","template":"","meta":[],"product_brand":[],"product_cat":[923],"product_tag":[],"class_list":{"0":"post-2411","1":"product","2":"type-product","3":"status-publish","4":"has-post-thumbnail","6":"product_cat-louvre-en-aluminium","8":"first","9":"instock","10":"sale","11":"shipping-taxable","12":"purchasable","13":"product-type-simple"},"_links":{"self":[{"href":"https:\/\/www.sofame.tn\/fr\/wp-json\/wp\/v2\/product\/2411","targetHints":{"allow":["GET"]}}],"collection":[{"href":"https:\/\/www.sofame.tn\/fr\/wp-json\/wp\/v2\/product"}],"about":[{"href":"https:\/\/www.sofame.tn\/fr\/wp-json\/wp\/v2\/types\/product"}],"replies":[{"embeddable":true,"href":"https:\/\/www.sofame.tn\/fr\/wp-json\/wp\/v2\/comments?post=2411"}],"wp:featuredmedia":[{"embeddable":true,"href":"https:\/\/www.sofame.tn\/fr\/wp-json\/wp\/v2\/media\/2412"}],"wp:attachment":[{"href":"https:\/\/www.sofame.tn\/fr\/wp-json\/wp\/v2\/media?parent=2411"}],"wp:term":[{"taxonomy":"product_brand","embeddable":true,"href":"https:\/\/www.sofame.tn\/fr\/wp-json\/wp\/v2\/product_brand?post=2411"},{"taxonomy":"product_cat","embeddable":true,"href":"https:\/\/www.sofame.tn\/fr\/wp-json\/wp\/v2\/product_cat?post=2411"},{"taxonomy":"product_tag","embeddable":true,"href":"https:\/\/www.sofame.tn\/fr\/wp-json\/wp\/v2\/product_tag?post=2411"}],"curies":[{"name":"wp","href":"https:\/\/api.w.org\/{rel}","templated":true}]}}

Système à lamelles en verre SH 3300

<p>Système de grilles en verre offrant confort, design et performances en ventilation, éclairage et protection solaire, adapté aux bâtiments commerciaux et résidentiels.</p>
<p>Le nouveau système «Jalousie» est très populaire sous les tropiques, où les stores jouent un rôle essentiel dans la régulation de la température intérieure.</p>
<p>Comme avec tous les systèmes Aluminco, seuls les matériaux et les accessoires les plus performants sont utilisés pour minimiser l&rsquo;entretien et assurer la performance à long terme.</p>
<p>Avantages:</p>
<p>&#8211; Élégant, simplicité et fonctionnel.<br />
&#8211; Débit d&rsquo;air maximal 24 heures par jour.<br />
&#8211; Avec une combinaison de stores en verre et / ou en aluminium, une confidentialité absolue peut être obtenue sans sacrifier le flux d&rsquo;air.<br />
&#8211; Économies d&rsquo;énergie importantes (réduction de la climatisation en été et maintien de l&rsquo;air chaud en hiver).</p>
<ul>
<li>Persiennes mobiles en verre épaisseur 6mm avec centres de rotation de 120mm ou 145mm</li>
<li>Possibilité de verre fixe sur le dessus, peut atteindre différentes hauteurs</li>
<li>Possibilité de persiennes en verre ou profil aveugle</li>
<li>Etanchéité périmétrique assurée par des joints de haute qualité</li>
<li>Manipulé par une crémone spéciale qui effectue un mouvement de 0 ° à 90 ° à 180 ° et des ailettes respectivement de 0 ° à 45 ° à 90 °</li>
<li>Capacité de montage des profils de cadre porteurs en haut et en bas de la structure</li>
<li>Monté indépendamment ou en collaboration avec ouverture &#8211; cadres coulissants</li>
<li>Le périmètre accepte les couvre-joints pour une esthétique améliorée</li>
</ul>

<p>Offre confort, design et performance en ventilation, éclairage et protection solaire</p>
